 common factor of 5044 and 728.
52
What is the greatest common factor of 4 and 177196?
4
What is the greatest common factor of 53 and 13356?
53
Calculate the highest common factor of 30 and 151176.
6
What is the greatest common factor of 221 and 414154?
221
What is the highest common factor of 2228 and 28?
4
Calculate the highest common factor of 174 and 256.
2
What is the greatest common divisor of 10485258 and 1722?
1722
Calculate the highest common factor of 13071756 and 12.
12
What is the highest common divisor of 11600 and 289200?
400
What is the highest common divisor of 2696 and 115591?
337
What is the greatest common factor of 49266 and 6307?
119
What is the greatest common divisor of 54864 and 4236?
12
What is the greatest common factor of 6050 and 800?
50
Calculate the highest common divisor of 95914 and 66929.
527
Calculate the greatest common factor of 666363 and 1812.
453
What is the greatest common factor of 89 and 39427?
89
Calculate the highest common divisor of 129952 and 131.
131
What is the highest common divisor of 34685016 and 2792?
2792
Calculate the greatest common factor of 38942 and 12.
2
Calculate the greatest common factor of 34053 and 9.
3
Calculate the greatest common factor of 2853 and 18.
9
Calculate the highest common factor of 9816 and 9407.
409
Calculate the greatest common divisor of 576 and 5090112.
576
Calculate the highest common divisor of 34408 and 7667.
187
What is the highest common divisor of 1015 and 6370?
35
Calculate the greatest common factor of 25327 and 172.
43
Calculate the highest common factor of 548 and 20.
4
What is the highest common factor of 348 and 38880?
12
What is the highest common factor of 61510 and 2580?
10
Calculate the highest common divisor of 141191 and 521.
521
Calculate the greatest common factor of 12 and 30636732.
12
Calculate the highest common divisor of 121920 and 448.
64
Calculate the greatest common divisor of 70 and 15064.
14
What is the greatest common divisor of 99642 and 78?
6
What is the highest common divisor of 42 and 7651434?
42
What is the highest common factor of 493794 and 168?
42
What is the highest common divisor of 14127 and 204?
51
Calculate the greatest common factor of 3848 and 64.
8
Calculate the highest common divisor of 1480 and 64.
8
Calculate the highest common divisor of 3645 and 10611.
81
Calculate the greatest common factor of 5 and 98185.
5
What is the highest common factor of 1260 and 38472?
84
Calculate the highest common divisor of 14202 and 32349.
789
Calculate the highest common factor of 98820 and 1920.
60
Calculate the highest common divisor of 43873 and 4088.
73
What is the greatest common factor of 544 and 21824?
32
Calculate the highest common divisor of 24418 and 174.
58
What is the greatest common divisor of 322322 and 13013?
1001
What is the highest common divisor of 738 and 1278?
18
Calculate the greatest common divisor of 215 and 2089800.
215
Calculate the greatest common factor of 217283 and 121.
11
Calculate the highest common factor of 108 and 799056.
36
Calculate the greatest common factor of 664 and 33608.
8
What is the highest common divisor of 270693 and 1026?
171
What is the greatest common divisor of 173026 and 714?
238
What is the greatest common divisor of 4565604 and 1212?
1212
What is the highest common divisor of 54195 and 1935?
15
What is the highest common divisor of 90050 and 200?
50
What is the greatest common divisor of 128 and 942496?
32
Calculate the highest common factor of 1846 and 22294.
142
What is the greatest common factor of 46421 and 60119?
761
Calculate the highest common factor of 2096 and 112.
16
Calculate the greatest common divisor of 412 and 13121788.
412
Calculate the greatest common divisor of 7367 and 12649.
139
What is the greatest common factor of 70772 and 39?
13
Calculate the highest common divisor of 160622 and 2464.
154
What is the highest common divisor of 938 and 93331?
469
Calculate the highest common factor of 2926 and 3971.
209
Calculate the greatest common factor of 14212 and 88264.
748
What is the greatest common factor of 14 and 1444100?
14
Calculate the greatest common divisor of 1260063 and 27.
27
Calculate the greatest common divisor of 3404 and 2300.
92
Calculate the highest common factor of 24878 and 1442.
14
What is the highest common factor of 28 and 152464?
4
Calculate the greatest common divisor of 309 and 277997.
103
Calculate the highest common divisor of 559710 and 1458.
162
Calculate the greatest common factor of 20082 and 126.
6
What is the highest common divisor of 1235 and 3564457?
247
What is the greatest common divisor of 24 and 461940?
12
Calculate the greatest common divisor of 1071 and 391.
17
Calculate the highest common divisor of 444 and 1908.
12
What is the highest common divisor of 12535 and 8720?
545
What is the greatest common factor of 59184 and 1242?
54
What is the greatest common divisor of 2799 and 36?
9
Calculate the greatest common factor of 66 and 36828.
66
What is the greatest common factor of 140 and 167468?
28
What is the highest common factor of 106536 and 552?
552
Calculate the highest common factor of 9056 and 536.
8
Calculate the highest common divisor of 66 and 170676.
66
What is the greatest common divisor of 25272 and 4264?
104
Calculate the greatest common divisor of 12 and 9118.
2
Calculate the highest common divisor of 2232 and 288.
72
What is the highest common divisor of 199224 and 504?
72
What is the greatest common divisor of 1975 and 122687?
79
What is the greatest common divisor of 24 and 97224?
24
What is the highest common factor of 4270 and 137250?
610
Calculate the highest common factor of 8146 and 12.
2
What is the highest common divisor of 1018925 and 769?
769
Calculate the highest common factor of 162 and 10260.
54
Calculate the greatest common divisor of 344 and 97868.
172
Calculate the greatest common factor of 32898 and 6.
6
Calculate the highest common divisor of 2525 and 55.
5
What is the greatest common factor of 14 and 1065687?
7
What is the greatest common divisor of 65402 and 5194?
106
What is the highest common divisor of 702 and 1022517?
27
What is the greatest common divisor of 15908 and 82?
82
Calculate the greatest common factor of 1813 and 23051.
259
Calculate the highest common factor of 2059438 and 394.
394
What is the highest common divisor of 2447100 and 600?
300
Calculate the greatest common factor of 492 and 2388.
12
Calculate the highest common factor of 1239 and 10443.
177
What is the greatest common factor of 261 and 510951?
87
What is the greatest common factor of 21 and 47243?
7
Calculate the greatest common divisor of 15410 and 737.
67
What is the highest common factor of 38 and 68730?
2
Calculate the greatest common factor of 6 and 219468.
6
Calculate the highest common divisor of 1680 and 105.
105
Calculate the highest common factor of 2622 and 187036.
874
What is the highest common divisor of 576078 and 6?
6
Calculate the highest common divisor of 122058 and 63.
9
Calculate the highest common factor of 2584 and 825928.
136
What is the greatest common factor of 1154597 and 89?
89
What is the highest common divisor of 126 and 25332?
6
What is the highest common factor of 27 and 118431?
9
What is the greatest common divisor of 1482999 and 21?
21
Calculate the highest common factor of 115 and 8027.
23
What is the greatest common divisor of 65439 and 264?
33
Calculate the greatest common factor of 110 and 5210.
10
Calculate the highest common factor of 183670 and 65.
5
Calculate the highest common divisor of 168 and 4400.
8
Calculate the greatest common factor of 2828 and 3976.
28
What is the highest common divisor of 206825 and 25?
25
What is the greatest common divisor of 16119 and 73224?
81
Calculate the highest common divisor of 39931 and 1971.
73
Calculate the highest common factor of 76 and 4856248.
76
Calculate the greatest common factor of 27900 and 15615.
45
What is the greatest common divisor of 70 and 810440?
10
What is the greatest common factor of 3448011 and 21?
21
What is the highest common divisor of 1391 and 180616?
107
What is the greatest common factor of 4 and 55612?
4
What is the greatest common factor of 172602 and 669?
669
What is the greatest common divisor of 180